 is divided by 28.
26
What is the remainder when 327 is divided by 25?
2
What is the remainder when 105 is divided by 63?
42
Calculate the remainder when 3682 is divided by 1227.
1
Calculate the remainder when 1228 is divided by 115.
78
What is the remainder when 98 is divided by 47?
4
Calculate the remainder when 8097 is divided by 60.
57
What is the remainder when 201 is divided by 62?
15
What is the remainder when 704 is divided by 8?
0
What is the remainder when 6106 is divided by 109?
2
Calculate the remainder when 2130 is divided by 41.
39
Calculate the remainder when 1213 is divided by 109.
14
What is the remainder when 3210 is divided by 230?
220
What is the remainder when 108 is divided by 87?
21
Calculate the remainder when 2727 is divided by 105.
102
What is the remainder when 4916 is divided by 41?
37
Calculate the remainder when 130 is divided by 40.
10
What is the remainder when 1720 is divided by 42?
40
Calculate the remainder when 21 is divided by 14.
7
What is the remainder when 20 is divided by 7?
6
Calculate the remainder when 1845 is divided by 33.
30
Calculate the remainder when 13618 is divided by 262.
256
Calculate the remainder when 4520 is divided by 33.
32
Calculate the remainder when 288 is divided by 282.
6
Calculate the remainder when 349 is divided by 50.
49
What is the remainder when 190 is divided by 16?
14
What is the remainder when 382 is divided by 76?
2
What is the remainder when 891 is divided by 291?
18
Calculate the remainder when 837 is divided by 70.
67
What is the remainder when 978 is divided by 970?
8
Calculate the remainder when 29 is divided by 8.
5
Calculate the remainder when 115 is divided by 13.
11
Calculate the remainder when 1713 is divided by 35.
33
What is the remainder when 286 is divided by 89?
19
Calculate the remainder when 254 is divided by 129.
125
What is the remainder when 1336 is divided by 134?
130
What is the remainder when 1477 is divided by 9?
1
What is the remainder when 357 is divided by 20?
17
What is the remainder when 4044 is divided by 17?
15
Calculate the remainder when 6067 is divided by 135.
127
What is the remainder when 70 is divided by 8?
6
Calculate the remainder when 119877 is divided by 296.
293
Calculate the remainder when 1185 is divided by 257.
157
Calculate the remainder when 1726 is divided by 7.
4
What is the remainder when 62 is divided by 13?
10
Calculate the remainder when 350 is divided by 24.
14
What is the remainder when 4748 is divided by 176?
172
Calculate the remainder when 1003 is divided by 85.
68
What is the remainder when 20 is divided by 8?
4
What is the remainder when 160 is divided by 18?
16
Calculate the remainder when 985 is divided by 29.
28
What is the remainder when 112 is divided by 100?
12
Calculate the remainder when 1396 is divided by 6.
4
Calculate the remainder when 77 is divided by 4.
1
What is the remainder when 500 is divided by 246?
8
What is the remainder when 323 is divided by 305?
18
What is the remainder when 96 is divided by 34?
28
Calculate the remainder when 333 is divided by 36.
9
What is the remainder when 146 is divided by 49?
48
Calculate the remainder when 30 is divided by 7.
2
Calculate the remainder when 6766 is divided by 48.
46
What is the remainder when 55 is divided by 10?
5
Calculate the remainder when 70 is divided by 63.
7
Calculate the remainder when 207 is divided by 107.
100
Calculate the remainder when 11518 is divided by 1438.
14
Calculate the remainder when 464 is divided by 36.
32
What is the remainder when 2703 is divided by 55?
8
Calculate the remainder when 883 is divided by 17.
16
What is the remainder when 458 is divided by 92?
90
What is the remainder when 547 is divided by 20?
7
What is the remainder when 2173 is divided by 11?
6
What is the remainder when 1727 is divided by 96?
95
What is the remainder when 1050 is divided by 215?
190
Calculate the remainder when 1175 is divided by 371.
62
Calculate the remainder when 1497 is divided by 42.
27
What is the remainder when 164 is divided by 14?
10
Calculate the remainder when 227 is divided by 75.
2
What is the remainder when 1129 is divided by 10?
9
What is the remainder when 1238 is divided by 17?
14
What is the remainder when 31 is divided by 16?
15
What is the remainder when 35804 is divided by 48?
44
What is the remainder when 290 is divided by 3?
2
Calculate the remainder when 222 is divided by 67.
21
What is the remainder when 671 is divided by 84?
83
Calculate the remainder when 931 is divided by 236.
223
What is the remainder when 582 is divided by 98?
92
What is the remainder when 350 is divided by 77?
42
What is the remainder when 277 is divided by 40?
37
What is the remainder when 1070 is divided by 122?
94
Calculate the remainder when 2244 is divided by 86.
8
What is the remainder when 3668 is divided by 12?
8
What is the remainder when 955 is divided by 15?
10
What is the remainder when 190 is divided by 14?
8
Calculate the remainder when 59 is divided by 3.
2
What is the remainder when 36 is divided by 10?
6
Calculate the remainder when 52 is divided by 20.
12
Calculate the remainder when 1079 is divided by 131.
31
Calculate the remainder when 216 is divided by 41.
11
Calculate the remainder when 288 is divided by 92.
12
What is the remainder when 1364 is divided by 32?
20
Calculate the remainder when 400 is divided by 181.
38
Calculate the remainder when 10204 is divided by 81.
79
What is the remainder when 1315 is divided by 174?
97
What is the remainder when 1080 is divided by 31?
26
What is the remainder when 8882 is divided by 21?
20
Calculate the remainder when 21 is divided by 8.
5
What is the remainder when 54 is divided by 23?
8
Calculate the remainder when 383 is divided by 78.
71
Calculate the remainder when 273 is divided by 66.
9
Calculate the remainder when 6550 is divided by 56.
54
What is the remainder when 158 is divided by 54?
50
What is the remainder when 247 is divided by 93?
61
Calculate the remainder when 169 is divided by 49.
22
Calculate the remainder when 293 is divided by 37.
34
What is the remainder when 918 is divided by 429?
60
What is the remainder when 1201 is divided by 275?
101
Calculate the remainder when 253 is divided by 131.
122
What is the remainder when 463 is divided by 30?
13
What is the remainder when 126 is divided by 13?
9
Calculate the remainder when 14687 is divided by 226.
223
Calculate the remainder when 1878 is divided by 934.
10
What is the remainder when 102 is divided by 81?
21
Calculate the remainder when 1187 is divided by 1184.
3
What is the remainder when 437 is divided by 212?
13
What is the remainder when 306 is divided by 81?
63
What is the remainder when 595 is divided by 14?
7
Calculate the remainder when 164 is divided by 19.
12
Calculate the remainder when 1159 is divided by 354.
97
What is the remainder when 2493 is divided by 4?
1
Calculate the remainder when 211 is divided by 108.
103
What is the remainder when 223 is divided by 57?
52
What is the remainder when 572 is divided by 2?
0
Calculate the remainder when 2426 is divided by 2411.
15
What is the remainder when 299 is divided by 44?
35
What is the remainder when 236 is divided by 60?
56
What is the remainder when 295 is divided by 38?
29
Calculate the remainder when 407 is divided by 51.
50
What is the remainder when 222 is divided by 25?
22
What is the remainder when 230 is divided by 37?
8
What is the remainder when 5046 is divided by 628?
22
What is the remainder when 883 is divided by 52?
51
What is the remainder when 894 is divided by 213?
42
Calculate the remainder when 3637 is divided by 17.
16
What is the remainder when 65558 is divided by 20?
18
Calculate the remainder when 657 is divided by 72.
9
Calculate the remainder when 618 is divided by 26.
20
What is the remainder when 454 is divided by 207?
40
What is the remainder when 99 is divided by 63?
36
What is the remainder when 434 is divided by 29?
28
What is the remainder when 114 is divided by 51?
12
What is the remainder when 536 is divided by 49?
46
Calculate the remainder when 390 is divided by 28.
26
Calculate the remainder when 244 is divided by 106.
32
What is the remainder when 142 is divided by 46?
4
What is the remainder when 2349 i